.
13
-2 (base 12) to base 5
-2
What is 5 (base 10) in base 9?
5
Convert -50 (base 6) to base 12.
-26
What is 0 (base 2) in base 14?
0
Convert 0 (base 7) to base 15.
0
2 (base 7) to base 16
2
What is -1 (base 8) in base 6?
-1
What is -63 (base 9) in base 4?
-321
What is 40 (base 15) in base 6?
140
Convert -20 (base 9) to base 15.
-13
What is a (base 15) in base 10?
10
Convert 1 (base 8) to base 3.
1
What is -48 (base 14) in base 9?
-71
What is -3 (base 16) in base 10?
-3
What is 1 (base 6) in base 2?
1
-40 (base 14) to base 4
-320
What is -b (base 13) in base 9?
-12
3 (base 9) to base 6
3
112100 (base 3) to base 7
1062
What is 48 (base 9) in base 5?
134
Convert -2000 (base 3) to base 2.
-110110
Convert -4 (base 14) to base 16.
-4
Convert -213 (base 11) to base 4.
-10000
-1 (base 8) to base 15
-1
Convert 22 (base 6) to base 15.
e
What is 4e (base 15) in base 11?
68
Convert -110100 (base 2) to base 8.
-64
What is -221 (base 3) in base 7?
-34
What is 2b (base 13) in base 2?
100101
Convert -3 (base 14) to base 7.
-3
What is 2 (base 10) in base 13?
2
Convert 20 (base 10) to base 11.
19
Convert 19 (base 10) to base 8.
23
21 (base 3) to base 11
7
-163 (base 9) to base 12
-b6
-a8 (base 16) to base 14
-c0
Convert -1 (base 2) to base 15.
-1
210 (base 3) to base 13
18
What is 5 (base 13) in base 14?
5
What is -1104 (base 6) in base 13?
-169
Convert -4 (base 9) to base 10.
-4
What is 19 (base 11) in base 3?
202
What is 10 (base 4) in base 3?
11
What is 15 (base 10) in base 11?
14
Convert -1110000 (base 2) to base 15.
-77
What is -141 (base 6) in base 13?
-49
Convert -4 (base 8) to base 14.
-4
11 (base 2) to base 5
3
2 (base 12) to base 13
2
Convert 9 (base 15) to base 12.
9
-10110000 (base 2) to base 7
-341
What is -25 (base 16) in base 11?
-34
-3 (base 9) to base 4
-3
What is 220 (base 3) in base 13?
1b
What is -34 (base 10) in base 2?
-100010
-7 (base 15) to base 13
-7
What is 2 (base 4) in base 11?
2
What is -5 (base 13) in base 14?
-5
What is -22 (base 16) in base 12?
-2a
-11100100 (base 2) to base 15
-103
Convert 0 (base 4) to base 10.
0
What is 22 (base 7) in base 5?
31
-57 (base 14) to base 16
-4d
-123 (base 5) to base 11
-35
92 (base 12) to base 13
86
What is 103 (base 6) in base 8?
47
-88 (base 16) to base 13
-a6
Convert -22 (base 5) to base 10.
-12
Convert -131 (base 9) to base 5.
-414
1d (base 14) to base 12
23
201 (base 4) to base 2
100001
Convert -112 (base 7) to base 9.
-64
What is -22 (base 3) in base 2?
-1000
-8 (base 12) to base 14
-8
-110 (base 2) to base 11
-6
Convert -1 (base 12) to base 5.
-1
-1b (base 12) to base 5
-43
-311 (base 4) to base 7
-104
Convert -3c (base 13) to base 3.
-1220
3 (base 6) to base 5
3
What is -131 (base 4) in base 12?
-25
2 (base 7) to base 8
2
Convert 2003 (base 4) to base 7.
245
What is -2 (base 11) in base 10?
-2
-a (base 12) to base 13
-a
Convert 117 (base 9) to base 8.
141
What is -c7 (base 14) in base 10?
-175
Convert -14 (base 6) to base 15.
-a
Convert -24 (base 10) to base 5.
-44
Convert 0 (base 3) to base 15.
0
Convert 5 (base 14) to base 16.
5
4 (base 16) to base 4
10
-161 (base 7) to base 8
-134
12 (base 3) to base 8
5
-17 (base 11) to base 2
-10010
-1 (base 4) to base 3
-1
-b (base 15) to base 3
-102
33 (base 9) to base 13
24
Convert 12 (base 13) to base 7.
21
What is 303 (base 5) in base 10?
78
1101 (base 2) to base 11
12
Convert -2 (base 10) to base 12.
-2
What is -2122 (base 3) in base 13?
-56
What is -6b (base 12) in base 11?
-76
11 (base 4) to base 6
5
Convert 1 (base 4) to base 9.
1
What is -1 (base 16) in base 14?
-1
Convert -8b (base 12) to base 3.
-10222
2 (base 9) to base 13
2
-13 (base 7) to base 12
-a
Convert -1000010 (base 2) to base 9.
-73
-22 (base 4) to base 3
-101
Convert 12 (base 15) to base 13.
14
Convert -17 (base 12) to base 13.
-16
Convert -2 (base 13) to base 7.
-2
-3 (base 13) to base 15
-3
26 (base 12) to base 3
1010
Convert -3 (base 11) to base 15.
-3
Convert -25 (base 14) to base 8.
-41
What is 2011 (base 4) in base 3?
11221
Convert 8 (base 13) to base 16.
8
Convert -5 (base 15) to base 7.
-5
0 (base 12) to base 5
0
11 (base 6) to base 3
21
Convert -100 (base 3) to base 10.
-9
Convert 20 (base 9) to base 8.
22
10 (base 7) to base 2
111
-12 (base 10) to base 4
-30
Convert -2 (base 16) to base 13.
-2
What is 2 (base 8) in base 15?
2
-2 (base 8) to base 10
-2
120 (base 3) to base 2
1111
Convert 21 (base 3) to base 5.
12
Convert 1 (base 6) to base 4.
1
What is -2 (base 8) in base 4?
-2
What is -43 (base 12) in base 8?
-63
Convert 15 (base 10) to base 12.
13
What is -2102 (base 3) in base 8?
-101
-353 (base 7) to base 2
-10111001
What is 22 (base 8) in base 3?
200
Convert b (base 15) to base 9.
12
Convert 100 (base 5) to base 4.
121
11 (base 3) to base 16
4
Convert 5 (base 12) to base 15.
5
What is 22 (base 8) in base 9?
20
What is 13 (base 8) in base 13?
b
What is 36 (base 10) in base 9?
40
Convert -101 (base 2) to base 6.
-5
Convert 13 (base 11) to base 5.
24
-d3 (base 16) to base 8
-323
What is -7 (base 11) in base 10?
-7
21 (base 4) to base 15
9
What is -110 (base 6) in base 7?
-60
What is 50 (base 15) in base 12?
63
Convert 100 (base 2) to base 8.
4
What is -38 (base 16) in base 5?
-211
Convert 2 (base 3) to base 4.
2
Convert -7 (base 10) to base 16.
-7
Convert 210 (base 3) to base 7.
30
Convert 204 (base 7) to base 11.
93
Convert 75 (base 8) to base 10.
61
What is -11 (base 9) in base 12?
-a
Convert -2 (base 12) to base 13.
-2
What is 2 (base 13) in base 6?
2
What is -131 (base 9) in base 7?
-214
Convert 1a (base 15) to base 7.
34
What is -14 (base 6) in base 16?
-a
Convert -5 (base 7) to base 6.
-5
Convert -136 (base 8) to base 16.
-5e
What is -2 (base 15) in base 10?
-2
Convert 54 (base 9) to base 2.
110001
-10002 (base 3) to base 12
-6b
-5 (base 14) to base 7
-5
-10 (base 11) to base 13
-b
What is -1 (base 2) in base 16?
-1
Convert 5 (base 13) to base 5.
10
231 (base 5) to base 12
56
Convert -3 (base 11) to base 14.
-3
What is -98 (base 12) in base 16?
-74
What is -35 (base 16) in base 11?
-49
Convert 1 (base 14) to base 12.
1
6 (base 7) to base 10
6
What is 0 (base 2) in base 3?
0
102 (base 3) to base 12
b
-91 (base 11) to base 8
-144
What is 15c (base 15) in base 14?
184
Convert -4 (base 8) to base 14.
-4
What is -5 (base 12) in base 11?
-5
Convert -7 (base 11) to base 4.
-13
What is -10112 (base 4) in base 9?
-338
What is 1 (base 12) in base 11?
1
Convert -1 (base 9) to base 12.
-1
Convert 10011000 (base 2) to base 8.
230
40 (base 16) to base 11
59
Convert -140 (base 7) to base 6.
-205
-110 (base 2) to base 5
-11
What is -1100011 (base 2) in base 8?
-143
Convert 23 (base 6) to base 14.
11
Convert 2 (base 4) to base 8.
2
What is -375 (base 8) in base 7?
-511
What is 4 (base 10) in base 2?
100
What is 17 (base 16) in base 15?
18
Convert 10 (base 5) to base 15.
5
-11 (base 6) to base 16
-7
Convert -10 (base 14) to base 6.
-22
6 (base 13) to base 11
6
Convert -d (base 14) to base 10.
-13
Convert 111 (base 3) to base 16.
d
-4 (base 5) to base 2
-100
Convert -30 (base 6) to base 5.
-33
Convert -15 (base 7) to base 10.
-12
2 (base 3) to base 13
2
Convert 130 (base 7) to base 9.
77
1021 (base 3) to base 8
42
What is 5b (base 13) in base 6?
204
What is 0 (base 11) in base 14?
0
-4 (base 13) to base 6
-4
5 (base 12) to base 8
5
Convert -3 (base 11) to base 14.
-3
What is -238 (base 10) in base 8?
-356
Convert 5 (base 8) to base 11.
5
Convert -20 (base 7) to base 16.
-e
Convert -11 (base 4) to base 14.
-5
40 (base 5) to base 11
19
What is 11101 (base 2) in base 3?
1002
Convert -27 (base 9) to base 12.
-21
Convert 16 (base 9) to base 15.
10
46 (base 16) to base 7
130
What is -17 (base 13) in base 4?
-110
Convert -3 (base 4) to base 14.
-3
10 (base 5) to base 2
101
What is -14 (base 7) in base 14?
-b
0 (base 8) to base 4
0
What is 0 (base 3) in base 16?
0
59 (base 10) to base 7
113
What is -23 (base 14) in base 13?
-25
32 (base 9) to base 14
21
Convert 13 (base 15) to base 12.
16
What is 0 (base 8) in base 3?
0
1 (base 12) to base 7
1
2 (base 16) to base 8
2
Convert 1 (base 10) to base 6.
1
220 (base 6) to base 13
66
Convert -2 (base 16) to base 6.
-2
Convert 5 (base 14) to base 5.
10
What is -113 (base 8) in base 13?
-5a
-c (base 13) to base 8
-14
0 (base 16) to base 15
0
